{"id":5667,"date":"2023-10-25T19:47:27","date_gmt":"2023-10-25T22:47:27","guid":{"rendered":"https:\/\/jjinformatica.net.br\/?page_id=5667"},"modified":"2024-03-23T22:58:50","modified_gmt":"2024-03-24T01:58:50","slug":"sobre-nos","status":"publish","type":"page","link":"https:\/\/jjinformatica.net.br\/index.php\/sobre-nos\/","title":{"rendered":"Sobre n\u00f3s"},"content":{"rendered":"\n<p><strong>A JJ Internet Banda Larga \u00e9 um provedor de internet localizado na regi\u00e3o de Olinda, oferecendo servi\u00e7os de alta qualidade e velocidade para resid\u00eancias e empresas.<\/strong> <\/p>\n\n\n\n<p>Seus principais servi\u00e7os incluem:<\/p>\n\n\n\n<ol>\n<li><strong>Internet Ultra Veloz<\/strong>: A JJ Internet oferece planos de internet de alta velocidade, ideais para navega\u00e7\u00e3o r\u00e1pida, streaming de v\u00eddeos, jogos online e teletrabalho.<\/li>\n\n\n\n<li><strong>Planos Variados<\/strong>: A empresa disponibiliza uma variedade de planos para atender \u00e0s necessidades de diferentes tipos de clientes. Isso inclui planos de 100, 150, 300 e 500 megas, proporcionando flexibilidade na escolha conforme a demanda de uso.<\/li>\n\n\n\n<li><strong>Roteador em Comodato<\/strong>: Ao contratar um plano, os clientes recebem um roteador em comodato, garantindo uma conex\u00e3o est\u00e1vel e confi\u00e1vel em toda a resid\u00eancia ou empresa.<\/li>\n\n\n\n<li><strong>Instala\u00e7\u00e3o Gr\u00e1tis<\/strong>: A JJ Internet oferece instala\u00e7\u00e3o gratuita para seus clientes, proporcionando uma experi\u00eancia sem complica\u00e7\u00f5es desde o in\u00edcio.<\/li>\n<\/ol>\n\n\n\n<p>Com uma reputa\u00e7\u00e3o de fornecer internet de qualidade, combinada com uma variedade de planos e servi\u00e7os, a JJ Internet Banda Larga \u00e9 uma escolha confi\u00e1vel para quem procura uma conex\u00e3o r\u00e1pida e est\u00e1vel na regi\u00e3o de Olinda.<\/p>\n\n\n\n<p><strong>Ligue Agora e pe\u00e7a a melhor internet de Olinda em sua Casa!<\/strong><\/p>\n\n\n\n<p class=\"has-ast-global-color-3-color has-text-color has-link-color wp-elements-8127130f2691c428d4c5231739c3d5d5\"><strong>Fone:&nbsp;81 3051-0224<\/strong><br><strong>Whatsapp: 81 9 9442-8541<\/strong><\/p>\n\n\n\n<p>Pensou em Internet Ultra Fibra, pensou em JJ Internet Banda Larga.<\/p>\n\n\n\n<p><\/p>\n\n\n\n<div class=\"wp-block-uagb-advanced-heading uagb-block-65476c12\"><h4 class=\"uagb-heading-text\">Aproveite os Melhores Planos com R$ 20,00 reais de Desconto:<\/h4><\/div>\n\n\n\n<p><\/p>\n\n\n\t\t\t\t\t<div\n\t\t\t\t\t\tclass=\"wp-block-uagb-image-gallery uagb-block-e97cc821     \"\n\t\t\t\t\t\tstyle=\"\"\n\t\t\t\t\t>\n\t\t\t\t\t\t\t\t\t\t\t<div class=\"spectra-image-gallery spectra-image-gallery__layout--grid spectra-image-gallery__layout--grid-col-3 spectra-image-gallery__layout--grid-col-tab-3 spectra-image-gallery__layout--grid-col-mob-2\">\n\t\t\t\t\t\t\t\t\t\t\t<div class='spectra-image-gallery__media-wrapper' data-spectra-gallery-image-id='5884'>\n\t\t\t\t\t\t\t<div class=\"spectra-image-gallery__media spectra-image-gallery__media--grid\">\n\t\t\t\t<picture>\n\t\t\t\t\t<source media=\"(min-width: 1024px)\" srcset=\"https:\/\/jjinformatica.net.br\/wp-content\/uploads\/2024\/03\/63-1024x1024.png\">\n\t\t\t\t\t<source media=\"(min-width: 768px)\" srcset=\"https:\/\/jjinformatica.net.br\/wp-content\/uploads\/2024\/03\/63-1024x1024.png\">\n\t\t\t\t\t<img decoding=\"async\" class=\"spectra-image-gallery__media-thumbnail spectra-image-gallery__media-thumbnail--grid\" src=\"https:\/\/jjinformatica.net.br\/wp-content\/uploads\/2024\/03\/63-300x300.png\" alt=\"\" loading=\"lazy\" \/>\n\t\t\t\t<\/picture>\n\t\t\t\t<div class=\"spectra-image-gallery__media-thumbnail-blurrer\"><\/div>\n\t\t\t\t\t\t\t\t\t\t\t<div class=\"spectra-image-gallery__media-thumbnail-caption-wrapper spectra-image-gallery__media-thumbnail-caption-wrapper--overlay\">\n\t\t\t\t\t\t\t\t\t\t\t<div class=\"spectra-image-gallery__media-thumbnail-caption spectra-image-gallery__media-thumbnail-caption--overlay\">\n\t\t\t\t\t<a style=\"font-size: 1rem\" href=\"https:\/\/wa.me\/5581994428541?text=Ol%C3%A1%21+Gostaria+de+atendimento+Suporte+T%C3%A9cnico.\" target=\"_blank\" rel=\"noreferrer noopener\">Contratar Agora<\/a>\t\t\t\t<\/div>\n\t\t\t\t\t\t\t\t\t\t<\/div>\n\t\t\t\t\t\t\t\t\t<\/div>\n\t\t\t\t\t\t<\/div>\n\t\t\t\t\t\t<div class='spectra-image-gallery__media-wrapper' data-spectra-gallery-image-id='5885'>\n\t\t\t\t\t\t\t<div class=\"spectra-image-gallery__media spectra-image-gallery__media--grid\">\n\t\t\t\t<picture>\n\t\t\t\t\t<source media=\"(min-width: 1024px)\" srcset=\"https:\/\/jjinformatica.net.br\/wp-content\/uploads\/2024\/03\/61-1024x1024.png\">\n\t\t\t\t\t<source media=\"(min-width: 768px)\" srcset=\"https:\/\/jjinformatica.net.br\/wp-content\/uploads\/2024\/03\/61-1024x1024.png\">\n\t\t\t\t\t<img decoding=\"async\" class=\"spectra-image-gallery__media-thumbnail spectra-image-gallery__media-thumbnail--grid\" src=\"https:\/\/jjinformatica.net.br\/wp-content\/uploads\/2024\/03\/61-300x300.png\" alt=\"\" loading=\"lazy\" \/>\n\t\t\t\t<\/picture>\n\t\t\t\t<div class=\"spectra-image-gallery__media-thumbnail-blurrer\"><\/div>\n\t\t\t\t\t\t\t\t\t\t\t<div class=\"spectra-image-gallery__media-thumbnail-caption-wrapper spectra-image-gallery__media-thumbnail-caption-wrapper--overlay\">\n\t\t\t\t\t\t\t\t\t\t\t<div class=\"spectra-image-gallery__media-thumbnail-caption spectra-image-gallery__media-thumbnail-caption--overlay\">\n\t\t\t\t\t<a style=\"font-size: 1rem\" href=\"https:\/\/wa.me\/5581994428541?text=Ol%C3%A1%21+Gostaria+de+atendimento+Suporte+T%C3%A9cnico.\" target=\"_blank\" rel=\"noreferrer noopener\">Contratar Agora<\/a>\t\t\t\t<\/div>\n\t\t\t\t\t\t\t\t\t\t<\/div>\n\t\t\t\t\t\t\t\t\t<\/div>\n\t\t\t\t\t\t<\/div>\n\t\t\t\t\t\t<div class='spectra-image-gallery__media-wrapper' data-spectra-gallery-image-id='5886'>\n\t\t\t\t\t\t\t<div class=\"spectra-image-gallery__media spectra-image-gallery__media--grid\">\n\t\t\t\t<picture>\n\t\t\t\t\t<source media=\"(min-width: 1024px)\" srcset=\"https:\/\/jjinformatica.net.br\/wp-content\/uploads\/2024\/03\/62-1024x1024.png\">\n\t\t\t\t\t<source media=\"(min-width: 768px)\" srcset=\"https:\/\/jjinformatica.net.br\/wp-content\/uploads\/2024\/03\/62-1024x1024.png\">\n\t\t\t\t\t<img decoding=\"async\" class=\"spectra-image-gallery__media-thumbnail spectra-image-gallery__media-thumbnail--grid\" src=\"https:\/\/jjinformatica.net.br\/wp-content\/uploads\/2024\/03\/62-300x300.png\" alt=\"\" loading=\"lazy\" \/>\n\t\t\t\t<\/picture>\n\t\t\t\t<div class=\"spectra-image-gallery__media-thumbnail-blurrer\"><\/div>\n\t\t\t\t\t\t\t\t\t\t\t<div class=\"spectra-image-gallery__media-thumbnail-caption-wrapper spectra-image-gallery__media-thumbnail-caption-wrapper--overlay\">\n\t\t\t\t\t\t\t\t\t\t\t<div class=\"spectra-image-gallery__media-thumbnail-caption spectra-image-gallery__media-thumbnail-caption--overlay\">\n\t\t\t\t\t<a style=\"font-size: 1rem\" href=\"https:\/\/wa.me\/5581994428541?text=Ol%C3%A1%21+Gostaria+de+atendimento+Suporte+T%C3%A9cnico.\" target=\"_blank\" rel=\"noreferrer noopener\">Contratar Agora<\/a>\t\t\t\t<\/div>\n\t\t\t\t\t\t\t\t\t\t<\/div>\n\t\t\t\t\t\t\t\t\t<\/div>\n\t\t\t\t\t\t<\/div>\n\t\t\t\t\t\t<div class='spectra-image-gallery__media-wrapper' data-spectra-gallery-image-id='5887'>\n\t\t\t\t\t\t\t<div class=\"spectra-image-gallery__media spectra-image-gallery__media--grid\">\n\t\t\t\t<picture>\n\t\t\t\t\t<source media=\"(min-width: 1024px)\" srcset=\"https:\/\/jjinformatica.net.br\/wp-content\/uploads\/2024\/03\/Post-de-Site-1024x1024.png\">\n\t\t\t\t\t<source media=\"(min-width: 768px)\" srcset=\"https:\/\/jjinformatica.net.br\/wp-content\/uploads\/2024\/03\/Post-de-Site-1024x1024.png\">\n\t\t\t\t\t<img decoding=\"async\" class=\"spectra-image-gallery__media-thumbnail spectra-image-gallery__media-thumbnail--grid\" src=\"https:\/\/jjinformatica.net.br\/wp-content\/uploads\/2024\/03\/Post-de-Site-300x300.png\" alt=\"\" loading=\"lazy\" \/>\n\t\t\t\t<\/picture>\n\t\t\t\t<div class=\"spectra-image-gallery__media-thumbnail-blurrer\"><\/div>\n\t\t\t\t\t\t\t\t\t\t\t<div class=\"spectra-image-gallery__media-thumbnail-caption-wrapper spectra-image-gallery__media-thumbnail-caption-wrapper--overlay\">\n\t\t\t\t\t\t\t\t\t\t\t<div class=\"spectra-image-gallery__media-thumbnail-caption spectra-image-gallery__media-thumbnail-caption--overlay\">\n\t\t\t\t\t<a style=\"font-size: 1rem\" href=\"https:\/\/wa.me\/5581994428541?text=Ol%C3%A1%21+Gostaria+de+atendimento+Suporte+T%C3%A9cnico.\" target=\"_blank\" rel=\"noreferrer noopener\">Contratar Agora<\/a>\t\t\t\t<\/div>\n\t\t\t\t\t\t\t\t\t\t<\/div>\n\t\t\t\t\t\t\t\t\t<\/div>\n\t\t\t\t\t\t<\/div>\n\t\t\t\t\t\t<div class='spectra-image-gallery__media-wrapper' data-spectra-gallery-image-id='5900'>\n\t\t\t\t\t\t\t<div class=\"spectra-image-gallery__media spectra-image-gallery__media--grid\">\n\t\t\t\t<picture>\n\t\t\t\t\t<source media=\"(min-width: 1024px)\" srcset=\"https:\/\/jjinformatica.net.br\/wp-content\/uploads\/2024\/03\/Post-de-Site-1-1-1024x1024.png\">\n\t\t\t\t\t<source media=\"(min-width: 768px)\" srcset=\"https:\/\/jjinformatica.net.br\/wp-content\/uploads\/2024\/03\/Post-de-Site-1-1-1024x1024.png\">\n\t\t\t\t\t<img decoding=\"async\" class=\"spectra-image-gallery__media-thumbnail spectra-image-gallery__media-thumbnail--grid\" src=\"https:\/\/jjinformatica.net.br\/wp-content\/uploads\/2024\/03\/Post-de-Site-1-1-300x300.png\" alt=\"\" loading=\"lazy\" \/>\n\t\t\t\t<\/picture>\n\t\t\t\t<div class=\"spectra-image-gallery__media-thumbnail-blurrer\"><\/div>\n\t\t\t\t\t\t\t\t\t\t\t<div class=\"spectra-image-gallery__media-thumbnail-caption-wrapper spectra-image-gallery__media-thumbnail-caption-wrapper--overlay\">\n\t\t\t\t\t\t\t\t\t\t\t<div class=\"spectra-image-gallery__media-thumbnail-caption spectra-image-gallery__media-thumbnail-caption--overlay\">\n\t\t\t\t\t<a style=\"font-size: 1rem\" href=\"https:\/\/wa.me\/5581994428541?text=Ol%C3%A1%21+Gostaria+de+atendimento+Suporte+T%C3%A9cnico.\" target=\"_blank\" rel=\"noreferrer noopener\">Contratar Agora<\/a>\t\t\t\t<\/div>\n\t\t\t\t\t\t\t\t\t\t<\/div>\n\t\t\t\t\t\t\t\t\t<\/div>\n\t\t\t\t\t\t<\/div>\n\t\t\t\t\t\t\t\t\t\t<\/div>\n\t\t\t\t\t\t\t\t\t\t\t\t\t\t\t\t\t\t<\/div>\n\t\t\t\t\t\t\t\t\t\n\n\n<p><\/p>\n\n\n\n<div class=\"wp-block-uagb-social-share uagb-social-share__outer-wrap uagb-social-share__layout-horizontal uagb-block-f71ba1a6\">\n<div class=\"wp-block-uagb-social-share-child uagb-ss-repeater uagb-ss__wrapper uagb-block-8705c6ca\"><span class=\"uagb-ss__link\" data-href=\"https:\/\/www.facebook.com\/sharer.php?u=\" tabindex=\"0\" role=\"button\" aria-label=\"facebook\"><span class=\"uagb-ss__source-wrap\"><span class=\"uagb-ss__source-icon\"><svg xmlns=\"https:\/\/www.w3.org\/2000\/svg\" viewBox=\"0 0 512 512\"><path d=\"M504 256C504 119 393 8 256 8S8 119 8 256c0 123.8 90.69 226.4 209.3 245V327.7h-63V256h63v-54.64c0-62.15 37-96.48 93.67-96.48 27.14 0 55.52 4.84 55.52 4.84v61h-31.28c-30.8 0-40.41 19.12-40.41 38.73V256h68.78l-11 71.69h-57.78V501C413.3 482.4 504 379.8 504 256z\"><\/path><\/svg><\/span><\/span><\/span><\/div>\n\n\n\n<div class=\"wp-block-uagb-social-share-child uagb-ss-repeater uagb-ss__wrapper uagb-block-0309d793\"><span class=\"uagb-ss__link\" data-href=\"https:\/\/api.whatsapp.com\/send?text=\" tabindex=\"0\" role=\"button\" aria-label=\"whatsapp\"><span class=\"uagb-ss__source-wrap\"><span class=\"uagb-ss__source-icon\"><svg xmlns=\"https:\/\/www.w3.org\/2000\/svg\" viewBox=\"0 0 448 512\"><path d=\"M380.9 97.1C339 55.1 283.2 32 223.9 32c-122.4 0-222 99.6-222 222 0 39.1 10.2 77.3 29.6 111L0 480l117.7-30.9c32.4 17.7 68.9 27 106.1 27h.1c122.3 0 224.1-99.6 224.1-222 0-59.3-25.2-115-67.1-157zm-157 341.6c-33.2 0-65.7-8.9-94-25.7l-6.7-4-69.8 18.3L72 359.2l-4.4-7c-18.5-29.4-28.2-63.3-28.2-98.2 0-101.7 82.8-184.5 184.6-184.5 49.3 0 95.6 19.2 130.4 54.1 34.8 34.9 56.2 81.2 56.1 130.5 0 101.8-84.9 184.6-186.6 184.6zm101.2-138.2c-5.5-2.8-32.8-16.2-37.9-18-5.1-1.9-8.8-2.8-12.5 2.8-3.7 5.6-14.3 18-17.6 21.8-3.2 3.7-6.5 4.2-12 1.4-32.6-16.3-54-29.1-75.5-66-5.7-9.8 5.7-9.1 16.3-30.3 1.8-3.7 .9-6.9-.5-9.7-1.4-2.8-12.5-30.1-17.1-41.2-4.5-10.8-9.1-9.3-12.5-9.5-3.2-.2-6.9-.2-10.6-.2-3.7 0-9.7 1.4-14.8 6.9-5.1 5.6-19.4 19-19.4 46.3 0 27.3 19.9 53.7 22.6 57.4 2.8 3.7 39.1 59.7 94.8 83.8 35.2 15.2 49 16.5 66.6 13.9 10.7-1.6 32.8-13.4 37.4-26.4 4.6-13 4.6-24.1 3.2-26.4-1.3-2.5-5-3.9-10.5-6.6z\"><\/path><\/svg><\/span><\/span><\/span><\/div>\n\n\n\n<div class=\"wp-block-uagb-social-share-child uagb-ss-repeater uagb-ss__wrapper uagb-block-53060d1c\"><span class=\"uagb-ss__link\" data-href=\"https:\/\/telegram.me\/share\/url?url=\" tabindex=\"0\" role=\"button\" aria-label=\"telegram\"><span class=\"uagb-ss__source-wrap\"><span class=\"uagb-ss__source-icon\"><svg xmlns=\"https:\/\/www.w3.org\/2000\/svg\" viewBox=\"0 0 448 512\"><path d=\"M224.1 141c-63.6 0-114.9 51.3-114.9 114.9s51.3 114.9 114.9 114.9S339 319.5 339 255.9 287.7 141 224.1 141zm0 189.6c-41.1 0-74.7-33.5-74.7-74.7s33.5-74.7 74.7-74.7 74.7 33.5 74.7 74.7-33.6 74.7-74.7 74.7zm146.4-194.3c0 14.9-12 26.8-26.8 26.8-14.9 0-26.8-12-26.8-26.8s12-26.8 26.8-26.8 26.8 12 26.8 26.8zm76.1 27.2c-1.7-35.9-9.9-67.7-36.2-93.9-26.2-26.2-58-34.4-93.9-36.2-37-2.1-147.9-2.1-184.9 0-35.8 1.7-67.6 9.9-93.9 36.1s-34.4 58-36.2 93.9c-2.1 37-2.1 147.9 0 184.9 1.7 35.9 9.9 67.7 36.2 93.9s58 34.4 93.9 36.2c37 2.1 147.9 2.1 184.9 0 35.9-1.7 67.7-9.9 93.9-36.2 26.2-26.2 34.4-58 36.2-93.9 2.1-37 2.1-147.8 0-184.8zM398.8 388c-7.8 19.6-22.9 34.7-42.6 42.6-29.5 11.7-99.5 9-132.1 9s-102.7 2.6-132.1-9c-19.6-7.8-34.7-22.9-42.6-42.6-11.7-29.5-9-99.5-9-132.1s-2.6-102.7 9-132.1c7.8-19.6 22.9-34.7 42.6-42.6 29.5-11.7 99.5-9 132.1-9s102.7-2.6 132.1 9c19.6 7.8 34.7 22.9 42.6 42.6 11.7 29.5 9 99.5 9 132.1s2.7 102.7-9 132.1z\"><\/path><\/svg><\/span><\/span><\/span><\/div>\n<\/div>\n\n\n\n<div class=\"wp-block-uagb-advanced-heading uagb-block-4f338f81\"><p class=\"uagb-heading-text\">\u2117&nbsp;Copyright Todos os direitos reservados<\/p><\/div>\n","protected":false},"excerpt":{"rendered":"<p>A JJ Internet Banda Larga \u00e9 um provedor de internet localizado na regi\u00e3o de Olinda, oferecendo servi\u00e7os de alta qualidade e velocidade para resid\u00eancias e empresas. Seus principais servi\u00e7os incluem: Com uma reputa\u00e7\u00e3o de fornecer internet de qualidade, combinada com uma variedade de planos e servi\u00e7os, a JJ Internet Banda Larga \u00e9 uma escolha confi\u00e1vel &hellip;<\/p>\n<p class=\"read-more\"> <a class=\"\" href=\"https:\/\/jjinformatica.net.br\/index.php\/sobre-nos\/\"> <span class=\"screen-reader-text\">Sobre n\u00f3s<\/span> Read More &raquo;<\/a><\/p>\n","protected":false},"author":1,"featured_media":0,"parent":0,"menu_order":0,"comment_status":"closed","ping_status":"closed","template":"","meta":{"_uag_custom_page_level_css":"","site-sidebar-layout":"default","site-content-layout":"","ast-site-content-layout":"default","site-content-style":"default","site-sidebar-style":"default","ast-global-header-display":"","ast-banner-title-visibility":"","ast-main-header-display":"","ast-hfb-above-header-display":"","ast-hfb-below-header-display":"","ast-hfb-mobile-header-display":"","site-post-title":"","ast-breadcrumbs-content":"","ast-featured-img":"","footer-sml-layout":"","theme-transparent-header-meta":"","adv-header-id-meta":"","stick-header-meta":"","header-above-stick-meta":"","header-main-stick-meta":"","header-below-stick-meta":"","astra-migrate-meta-layouts":"set","footnotes":""},"uagb_featured_image_src":{"full":false,"thumbnail":false,"medium":false,"medium_large":false,"large":false,"1536x1536":false,"2048x2048":false},"uagb_author_info":{"display_name":"jjltda2002","author_link":"https:\/\/jjinformatica.net.br\/index.php\/author\/jjltda2002\/"},"uagb_comment_info":0,"uagb_excerpt":"A JJ Internet Banda Larga \u00e9 um provedor de internet localizado na regi\u00e3o de Olinda, oferecendo servi\u00e7os de alta qualidade e velocidade para resid\u00eancias e empresas. Seus principais servi\u00e7os incluem: Com uma reputa\u00e7\u00e3o de fornecer internet de qualidade, combinada com uma variedade de planos e servi\u00e7os, a JJ Internet Banda Larga \u00e9 uma escolha confi\u00e1vel&hellip;","_links":{"self":[{"href":"https:\/\/jjinformatica.net.br\/index.php\/wp-json\/wp\/v2\/pages\/5667"}],"collection":[{"href":"https:\/\/jjinformatica.net.br\/index.php\/wp-json\/wp\/v2\/pages"}],"about":[{"href":"https:\/\/jjinformatica.net.br\/index.php\/wp-json\/wp\/v2\/types\/page"}],"author":[{"embeddable":true,"href":"https:\/\/jjinformatica.net.br\/index.php\/wp-json\/wp\/v2\/users\/1"}],"replies":[{"embeddable":true,"href":"https:\/\/jjinformatica.net.br\/index.php\/wp-json\/wp\/v2\/comments?post=5667"}],"version-history":[{"count":33,"href":"https:\/\/jjinformatica.net.br\/index.php\/wp-json\/wp\/v2\/pages\/5667\/revisions"}],"predecessor-version":[{"id":6021,"href":"https:\/\/jjinformatica.net.br\/index.php\/wp-json\/wp\/v2\/pages\/5667\/revisions\/6021"}],"wp:attachment":[{"href":"https:\/\/jjinformatica.net.br\/index.php\/wp-json\/wp\/v2\/media?parent=5667"}],"curies":[{"name":"wp","href":"https:\/\/api.w.org\/{rel}","templated":true}]}}